{"id":3763,"date":"2021-10-02T16:18:49","date_gmt":"2021-10-02T14:18:49","guid":{"rendered":"https:\/\/www.chambredhotecarcassonne.com\/biografie\/"},"modified":"2022-03-31T19:10:31","modified_gmt":"2022-03-31T17:10:31","slug":"biografie","status":"publish","type":"page","link":"https:\/\/www.chambredhotecarcassonne.com\/de\/biografie\/","title":{"rendered":"Biografie"},"content":{"rendered":"<p><div class=\"fusion-fullwidth fullwidth-box fusion-builder-row-1 fusion-flex-container nonhundred-percent-fullwidth non-hundred-percent-height-scrolling\" style=\"--awb-border-radius-top-left:0px;--awb-border-radius-top-right:0px;--awb-border-radius-bottom-right:0px;--awb-border-radius-bottom-left:0px;--awb-flex-wrap:wrap;\" ><div class=\"fusion-builder-row fusion-row fusion-flex-align-items-flex-start fusion-flex-content-wrap\" style=\"max-width:1248px;margin-left: calc(-4% \/ 2 );margin-right: calc(-4% \/ 2 );\"><div class=\"fusion-layout-column fusion_builder_column fusion-builder-column-0 fusion_builder_column_1_2 1_2 fusion-flex-column\" style=\"--awb-bg-size:cover;--awb-width-large:50%;--awb-margin-top-large:0px;--awb-spacing-right-large:3.84%;--awb-margin-bottom-large:20px;--awb-spacing-left-large:3.84%;--awb-width-medium:50%;--awb-order-medium:0;--awb-spacing-right-medium:3.84%;--awb-spacing-left-medium:3.84%;--awb-width-small:100%;--awb-order-small:0;--awb-spacing-right-small:1.92%;--awb-spacing-left-small:1.92%;\"><div class=\"fusion-column-wrapper fusion-column-has-shadow fusion-flex-justify-content-flex-start fusion-content-layout-column\"><div class=\"fusion-image-element \" style=\"text-align:center;--awb-caption-title-font-family:var(--h2_typography-font-family);--awb-caption-title-font-weight:var(--h2_typography-font-weight);--awb-caption-title-font-style:var(--h2_typography-font-style);--awb-caption-title-size:var(--h2_typography-font-size);--awb-caption-title-transform:var(--h2_typography-text-transform);--awb-caption-title-line-height:var(--h2_typography-line-height);--awb-caption-title-letter-spacing:var(--h2_typography-letter-spacing);\"><span class=\" fusion-imageframe imageframe-none imageframe-1 hover-type-none\"><img decoding=\"async\" width=\"570\" height=\"833\" title=\"sophie-jc\" src=\"https:\/\/www.chambredhotecarcassonne.com\/wp-content\/uploads\/2021\/09\/sophie-jc.jpg\" alt class=\"img-responsive wp-image-2235\" srcset=\"https:\/\/www.chambredhotecarcassonne.com\/wp-content\/uploads\/2021\/09\/sophie-jc-200x292.jpg 200w, https:\/\/www.chambredhotecarcassonne.com\/wp-content\/uploads\/2021\/09\/sophie-jc-400x585.jpg 400w, https:\/\/www.chambredhotecarcassonne.com\/wp-content\/uploads\/2021\/09\/sophie-jc.jpg 570w\" sizes=\"(max-width: 640px) 100vw, 570px\" \/><\/span><\/div><\/div><\/div><div class=\"fusion-layout-column fusion_builder_column fusion-builder-column-1 fusion_builder_column_1_2 1_2 fusion-flex-column\" style=\"--awb-bg-size:cover;--awb-width-large:50%;--awb-margin-top-large:0px;--awb-spacing-right-large:3.84%;--awb-margin-bottom-large:20px;--awb-spacing-left-large:3.84%;--awb-width-medium:50%;--awb-order-medium:0;--awb-spacing-right-medium:3.84%;--awb-spacing-left-medium:3.84%;--awb-width-small:100%;--awb-order-small:0;--awb-spacing-right-small:1.92%;--awb-spacing-left-small:1.92%;\"><div class=\"fusion-column-wrapper fusion-column-has-shadow fusion-flex-justify-content-flex-start fusion-content-layout-column\"><div class=\"fusion-text fusion-text-1\"><h2>Sophie und Jean-Claude<\/h2>\n<p>Sie wurden beide in der Region Paris geboren und lebten dort, bis sie nach Saint-Frichoux zogen.<\/p>\n<p>Jean-Claude, Konditor-Chocolatier, arbeitete zehn Jahre lang in Paris, w\u00e4hrend Sophie als Verkaufsassistentin in der Branche arbeitete und zwischen franz\u00f6sischen Kunden und ausl\u00e4ndischen Fabriken verband.<\/p>\n<p>1988 begannen sie ein gro\u00dfes Abenteuer, indem sie eine kleine handwerkliche Schokoladenfabrik in den Yvelines, ganz in der N\u00e4he von Paris, kauften. Sie richten dort eine Konditoreiabteilung ein, um das Angebot an K\u00f6stlichkeiten f\u00fcr die Kunden zu vervollst\u00e4ndigen. Jean-Claude stellt alle Pralinen und Backwaren her und Sophie k\u00fcmmert sich um die Verwaltung und den Verkauf. Als sich ihr kleines Unternehmen entwickelte, umgaben sie sich mit Lehrlingen und Mitarbeitern. Zu Beginn des Abenteuers haben sie zwei kleine M\u00e4dchen und ein paar Jahre sp\u00e4ter kommt ein J\u00fcngstes zur Welt. Sophie wacht \u00fcber sie und l\u00e4sst im Backshop die Rezitationen und das Einmaleins einstudieren. Obwohl ihr Terminkalender sehr voll ist, wird die Freizeit der Familie und Freunden gewidmet. 15 Jahre sp\u00e4ter beschlie\u00dfen sie, ihr Unternehmen zu verkaufen<br \/>\nJean-Claude wird einige Jahre Lehrer an einer Berufsschule sein, aber sein Leben unterscheidet sich so sehr von dem eines Handwerkers, dass er beschlie\u00dft, ein Gesch\u00e4ft im Hauts de Seine zu \u00fcbernehmen. Sophie ihrerseits kehrt in ihre fr\u00fcheren Funktionen in der Industrie zur\u00fcck.<\/p>\n<p>Ihre Kinder sind erwachsen und selbstst\u00e4ndig geworden, sie sind Opa und Oma geworden und ihnen wird ein neues Leben geboten.<\/p>\n<\/div><\/div><\/div><\/div><\/div><div class=\"fusion-fullwidth fullwidth-box fusion-builder-row-2 fusion-flex-container nonhundred-percent-fullwidth non-hundred-percent-height-scrolling\" style=\"--awb-border-radius-top-left:0px;--awb-border-radius-top-right:0px;--awb-border-radius-bottom-right:0px;--awb-border-radius-bottom-left:0px;--awb-flex-wrap:wrap;\" ><div class=\"fusion-builder-row fusion-row fusion-flex-align-items-center fusion-flex-content-wrap\" style=\"max-width:1248px;margin-left: calc(-4% \/ 2 );margin-right: calc(-4% \/ 2 );\"><div class=\"fusion-layout-column fusion_builder_column fusion-builder-column-2 fusion_builder_column_1_3 1_3 fusion-flex-column\" style=\"--awb-bg-size:cover;--awb-width-large:33.333333333333%;--awb-margin-top-large:0px;--awb-spacing-right-large:5.76%;--awb-margin-bottom-large:20px;--awb-spacing-left-large:5.76%;--awb-width-medium:33.333333333333%;--awb-order-medium:0;--awb-spacing-right-medium:5.76%;--awb-spacing-left-medium:5.76%;--awb-width-small:100%;--awb-order-small:0;--awb-spacing-right-small:1.92%;--awb-spacing-left-small:1.92%;\"><div class=\"fusion-column-wrapper fusion-column-has-shadow fusion-flex-justify-content-flex-start fusion-content-layout-column\"><div class=\"fusion-image-element \" style=\"text-align:center;--awb-margin-top:40px;--awb-caption-title-font-family:var(--h2_typography-font-family);--awb-caption-title-font-weight:var(--h2_typography-font-weight);--awb-caption-title-font-style:var(--h2_typography-font-style);--awb-caption-title-size:var(--h2_typography-font-size);--awb-caption-title-transform:var(--h2_typography-text-transform);--awb-caption-title-line-height:var(--h2_typography-line-height);--awb-caption-title-letter-spacing:var(--h2_typography-letter-spacing);\"><span class=\" fusion-imageframe imageframe-none imageframe-2 hover-type-none\"><img decoding=\"async\" width=\"1067\" height=\"1600\" title=\"IMG_9859\" src=\"https:\/\/www.chambredhotecarcassonne.com\/wp-content\/uploads\/2022\/01\/IMG_9859.jpg\" alt class=\"img-responsive wp-image-3398\" srcset=\"https:\/\/www.chambredhotecarcassonne.com\/wp-content\/uploads\/2022\/01\/IMG_9859-200x300.jpg 200w, https:\/\/www.chambredhotecarcassonne.com\/wp-content\/uploads\/2022\/01\/IMG_9859-400x600.jpg 400w, https:\/\/www.chambredhotecarcassonne.com\/wp-content\/uploads\/2022\/01\/IMG_9859-600x900.jpg 600w, https:\/\/www.chambredhotecarcassonne.com\/wp-content\/uploads\/2022\/01\/IMG_9859-800x1200.jpg 800w, https:\/\/www.chambredhotecarcassonne.com\/wp-content\/uploads\/2022\/01\/IMG_9859.jpg 1067w\" sizes=\"(max-width: 640px) 100vw, 400px\" \/><\/span><\/div><div class=\"fusion-text fusion-text-2\" style=\"--awb-text-transform:none;\"><p>&#8230; ein paar Jahre sind vergangen &#8230;<\/p>\n<\/div><\/div><\/div><div class=\"fusion-layout-column fusion_builder_column fusion-builder-column-3 fusion_builder_column_2_3 2_3 fusion-flex-column\" style=\"--awb-bg-size:cover;--awb-width-large:66.666666666667%;--awb-margin-top-large:0px;--awb-spacing-right-large:2.88%;--awb-margin-bottom-large:20px;--awb-spacing-left-large:2.88%;--awb-width-medium:66.666666666667%;--awb-order-medium:0;--awb-spacing-right-medium:2.88%;--awb-spacing-left-medium:2.88%;--awb-width-small:100%;--awb-order-small:0;--awb-spacing-right-small:1.92%;--awb-spacing-left-small:1.92%;\"><div class=\"fusion-column-wrapper fusion-column-has-shadow fusion-flex-justify-content-flex-start fusion-content-layout-column\"><div class=\"fusion-text fusion-text-3\"><h2>La Belle Minervoise<\/h2>\n<p>Languedoc Roussillon, die Stadt Carcassonne, die Burgen der Katharer, die Str\u00e4nde des Golfs du Lion, sie haben schon mehrmals mit den Kindern Urlaub gemacht. Sie lieben diese sonnige Region mit melodi\u00f6sem Akzent, mit abwechslungsreichen Landschaften zwischen Bergen und Meer mit einer Vielzahl geschichtstr\u00e4chtiger Orte. Ende 2013 beschlie\u00dfen sie, die Landschaft und das Leben zu \u00e4ndern und nach Saint-Frichoux zu ziehen, einem kleinen Dorf mit 200 Einwohnern, 20 Minuten von der majest\u00e4tischen Cit\u00e9 de Carcassonne und 5 Minuten vom Canal du Midi entfernt.<\/p>\n<p>Sie kaufen dort ein gro\u00dfes Haus aus dem Jahr 1895. Ein gro\u00dfes und neues Abenteuer entsteht durch den Betrieb von 5 G\u00e4stezimmern, in denen sie nun das ganze Jahr \u00fcber Touristen aus aller Welt empfangen, f\u00fcr die Jean-Claude Fr\u00fchst\u00fccke wie &#8222;Konditor&#8220;-Fr\u00fchst\u00fccke sowie kleine Gerichte zubereitet und zum Abendessen auch Geb\u00e4ck anbietet -Schokoladenkurse, bei denen er sie Schritt f\u00fcr Schritt bei der Verwirklichung von K\u00f6stlichkeiten begleitet.<\/p>\n<p>Jean-Claude lief mit einer kleinen Gruppe von Freunden in der Pariser Region, jetzt l\u00e4uft er mitten in den Weinbergen und f\u00fchrt G\u00e4ste, die wie er frische Luft schnuppern m\u00f6chten, gerne auf kleinen Pfaden weg von der \u201eZivilisation\u201c. Wenn das gute Wetter nicht da ist, fertigt Jean-Claude Modelle, Autos, Boote, Panzer&#8230; Sophie findet gerne Dekorationsgegenst\u00e4nde oder fertigt sie an, um das Haus zu dekorieren und gesellige Momente mit ihrer Familie, seinen Freunden und jetzt seinen G\u00e4sten zu organisieren .<\/p>\n<p><strong>Sie werden sich freuen, Sie im La Belle Minervoise begr\u00fc\u00dfen zu d\u00fcrfen\u2026<\/strong><\/p>\n<\/div><\/div><\/div><\/div><\/div><\/p>\n","protected":false},"excerpt":{"rendered":"","protected":false},"author":1,"featured_media":0,"parent":0,"menu_order":0,"comment_status":"closed","ping_status":"closed","template":"","meta":{"_monsterinsights_skip_tracking":false,"_monsterinsights_sitenote_active":false,"_monsterinsights_sitenote_note":"","_monsterinsights_sitenote_category":0,"footnotes":""},"class_list":["post-3763","page","type-page","status-publish","hentry"],"aioseo_notices":[],"_links":{"self":[{"href":"https:\/\/www.chambredhotecarcassonne.com\/de\/wp-json\/wp\/v2\/pages\/3763","targetHints":{"allow":["GET"]}}],"collection":[{"href":"https:\/\/www.chambredhotecarcassonne.com\/de\/wp-json\/wp\/v2\/pages"}],"about":[{"href":"https:\/\/www.chambredhotecarcassonne.com\/de\/wp-json\/wp\/v2\/types\/page"}],"author":[{"embeddable":true,"href":"https:\/\/www.chambredhotecarcassonne.com\/de\/wp-json\/wp\/v2\/users\/1"}],"replies":[{"embeddable":true,"href":"https:\/\/www.chambredhotecarcassonne.com\/de\/wp-json\/wp\/v2\/comments?post=3763"}],"version-history":[{"count":7,"href":"https:\/\/www.chambredhotecarcassonne.com\/de\/wp-json\/wp\/v2\/pages\/3763\/revisions"}],"predecessor-version":[{"id":3770,"href":"https:\/\/www.chambredhotecarcassonne.com\/de\/wp-json\/wp\/v2\/pages\/3763\/revisions\/3770"}],"wp:attachment":[{"href":"https:\/\/www.chambredhotecarcassonne.com\/de\/wp-json\/wp\/v2\/media?parent=3763"}],"curies":[{"name":"wp","href":"https:\/\/api.w.org\/{rel}","templated":true}]}}

<p><div class="fusion-fullwidth fullwidth-box fusion-builder-row-1 fusion-flex-container nonhundred-percent-fullwidth non-hundred-percent-height-scrolling" style="--awb-border-radius-top-left:0px;--awb-border-radius-top-right:0px;--awb-border-radius-bottom-right:0px;--awb-border-radius-bottom-left:0px;--awb-flex-wrap:wrap;" ><div class="fusion-builder-row fusion-row fusion-flex-align-items-flex-start fusion-flex-content-wrap" style="max-width:1248px;margin-left: calc(-4% / 2 );margin-right: calc(-4% / 2 );"><div class="fusion-layout-column fusion_builder_column fusion-builder-column-0 fusion_builder_column_1_2 1_2 fusion-flex-column" style="--awb-bg-size:cover;--awb-width-large:50%;--awb-margin-top-large:0px;--awb-spacing-right-large:3.84%;--awb-margin-bottom-large:20px;--awb-spacing-left-large:3.84%;--awb-width-medium:50%;--awb-order-medium:0;--awb-spacing-right-medium:3.84%;--awb-spacing-left-medium:3.84%;--awb-width-small:100%;--awb-order-small:0;--awb-spacing-right-small:1.92%;--awb-spacing-left-small:1.92%;"><div class="fusion-column-wrapper fusion-column-has-shadow fusion-flex-justify-content-flex-start fusion-content-layout-column"><div class="fusion-image-element " style="text-align:center;--awb-caption-title-font-family:var(--h2_typography-font-family);--awb-caption-title-font-weight:var(--h2_typography-font-weight);--awb-caption-title-font-style:var(--h2_typography-font-style);--awb-caption-title-size:var(--h2_typography-font-size);--awb-caption-title-transform:var(--h2_typography-text-transform);--awb-caption-title-line-height:var(--h2_typography-line-height);--awb-caption-title-letter-spacing:var(--h2_typography-letter-spacing);"><span class=" fusion-imageframe imageframe-none imageframe-1 hover-type-none"><img decoding="async" width="570" height="833" title="sophie-jc" src="https://www.chambredhotecarcassonne.com/wp-content/uploads/2021/09/sophie-jc.jpg" alt class="img-responsive wp-image-2235" srcset="https://www.chambredhotecarcassonne.com/wp-content/uploads/2021/09/sophie-jc-200x292.jpg 200w, https://www.chambredhotecarcassonne.com/wp-content/uploads/2021/09/sophie-jc-400x585.jpg 400w, https://www.chambredhotecarcassonne.com/wp-content/uploads/2021/09/sophie-jc.jpg 570w" sizes="(max-width: 640px) 100vw, 570px" /></span></div></div></div><div class="fusion-layout-column fusion_builder_column fusion-builder-column-1 fusion_builder_column_1_2 1_2 fusion-flex-column" style="--awb-bg-size:cover;--awb-width-large:50%;--awb-margin-top-large:0px;--awb-spacing-right-large:3.84%;--awb-margin-bottom-large:20px;--awb-spacing-left-large:3.84%;--awb-width-medium:50%;--awb-order-medium:0;--awb-spacing-right-medium:3.84%;--awb-spacing-left-medium:3.84%;--awb-width-small:100%;--awb-order-small:0;--awb-spacing-right-small:1.92%;--awb-spacing-left-small:1.92%;"><div class="fusion-column-wrapper fusion-column-has-shadow fusion-flex-justify-content-flex-start fusion-content-layout-column"><div class="fusion-text fusion-text-1"><h2>Sophie und Jean-Claude</h2>
<p>Sie wurden beide in der Region Paris geboren und lebten dort, bis sie nach Saint-Frichoux zogen.</p>
<p>Jean-Claude, Konditor-Chocolatier, arbeitete zehn Jahre lang in Paris, während Sophie als Verkaufsassistentin in der Branche arbeitete und zwischen französischen Kunden und ausländischen Fabriken verband.</p>
<p>1988 begannen sie ein großes Abenteuer, indem sie eine kleine handwerkliche Schokoladenfabrik in den Yvelines, ganz in der Nähe von Paris, kauften. Sie richten dort eine Konditoreiabteilung ein, um das Angebot an Köstlichkeiten für die Kunden zu vervollständigen. Jean-Claude stellt alle Pralinen und Backwaren her und Sophie kümmert sich um die Verwaltung und den Verkauf. Als sich ihr kleines Unternehmen entwickelte, umgaben sie sich mit Lehrlingen und Mitarbeitern. Zu Beginn des Abenteuers haben sie zwei kleine Mädchen und ein paar Jahre später kommt ein Jüngstes zur Welt. Sophie wacht über sie und lässt im Backshop die Rezitationen und das Einmaleins einstudieren. Obwohl ihr Terminkalender sehr voll ist, wird die Freizeit der Familie und Freunden gewidmet. 15 Jahre später beschließen sie, ihr Unternehmen zu verkaufen<br />
Jean-Claude wird einige Jahre Lehrer an einer Berufsschule sein, aber sein Leben unterscheidet sich so sehr von dem eines Handwerkers, dass er beschließt, ein Geschäft im Hauts de Seine zu übernehmen. Sophie ihrerseits kehrt in ihre früheren Funktionen in der Industrie zurück.</p>
<p>Ihre Kinder sind erwachsen und selbstständig geworden, sie sind Opa und Oma geworden und ihnen wird ein neues Leben geboten.</p>
</div></div></div></div></div><div class="fusion-fullwidth fullwidth-box fusion-builder-row-2 fusion-flex-container nonhundred-percent-fullwidth non-hundred-percent-height-scrolling" style="--awb-border-radius-top-left:0px;--awb-border-radius-top-right:0px;--awb-border-radius-bottom-right:0px;--awb-border-radius-bottom-left:0px;--awb-flex-wrap:wrap;" ><div class="fusion-builder-row fusion-row fusion-flex-align-items-center fusion-flex-content-wrap" style="max-width:1248px;margin-left: calc(-4% / 2 );margin-right: calc(-4% / 2 );"><div class="fusion-layout-column fusion_builder_column fusion-builder-column-2 fusion_builder_column_1_3 1_3 fusion-flex-column" style="--awb-bg-size:cover;--awb-width-large:33.333333333333%;--awb-margin-top-large:0px;--awb-spacing-right-large:5.76%;--awb-margin-bottom-large:20px;--awb-spacing-left-large:5.76%;--awb-width-medium:33.333333333333%;--awb-order-medium:0;--awb-spacing-right-medium:5.76%;--awb-spacing-left-medium:5.76%;--awb-width-small:100%;--awb-order-small:0;--awb-spacing-right-small:1.92%;--awb-spacing-left-small:1.92%;"><div class="fusion-column-wrapper fusion-column-has-shadow fusion-flex-justify-content-flex-start fusion-content-layout-column"><div class="fusion-image-element " style="text-align:center;--awb-margin-top:40px;--awb-caption-title-font-family:var(--h2_typography-font-family);--awb-caption-title-font-weight:var(--h2_typography-font-weight);--awb-caption-title-font-style:var(--h2_typography-font-style);--awb-caption-title-size:var(--h2_typography-font-size);--awb-caption-title-transform:var(--h2_typography-text-transform);--awb-caption-title-line-height:var(--h2_typography-line-height);--awb-caption-title-letter-spacing:var(--h2_typography-letter-spacing);"><span class=" fusion-imageframe imageframe-none imageframe-2 hover-type-none"><img decoding="async" width="1067" height="1600" title="IMG_9859" src="https://www.chambredhotecarcassonne.com/wp-content/uploads/2022/01/IMG_9859.jpg" alt class="img-responsive wp-image-3398" srcset="https://www.chambredhotecarcassonne.com/wp-content/uploads/2022/01/IMG_9859-200x300.jpg 200w, https://www.chambredhotecarcassonne.com/wp-content/uploads/2022/01/IMG_9859-400x600.jpg 400w, https://www.chambredhotecarcassonne.com/wp-content/uploads/2022/01/IMG_9859-600x900.jpg 600w, https://www.chambredhotecarcassonne.com/wp-content/uploads/2022/01/IMG_9859-800x1200.jpg 800w, https://www.chambredhotecarcassonne.com/wp-content/uploads/2022/01/IMG_9859.jpg 1067w" sizes="(max-width: 640px) 100vw, 400px" /></span></div><div class="fusion-text fusion-text-2" style="--awb-text-transform:none;"><p>&#8230; ein paar Jahre sind vergangen &#8230;</p>
</div></div></div><div class="fusion-layout-column fusion_builder_column fusion-builder-column-3 fusion_builder_column_2_3 2_3 fusion-flex-column" style="--awb-bg-size:cover;--awb-width-large:66.666666666667%;--awb-margin-top-large:0px;--awb-spacing-right-large:2.88%;--awb-margin-bottom-large:20px;--awb-spacing-left-large:2.88%;--awb-width-medium:66.666666666667%;--awb-order-medium:0;--awb-spacing-right-medium:2.88%;--awb-spacing-left-medium:2.88%;--awb-width-small:100%;--awb-order-small:0;--awb-spacing-right-small:1.92%;--awb-spacing-left-small:1.92%;"><div class="fusion-column-wrapper fusion-column-has-shadow fusion-flex-justify-content-flex-start fusion-content-layout-column"><div class="fusion-text fusion-text-3"><h2>La Belle Minervoise</h2>
<p>Languedoc Roussillon, die Stadt Carcassonne, die Burgen der Katharer, die Strände des Golfs du Lion, sie haben schon mehrmals mit den Kindern Urlaub gemacht. Sie lieben diese sonnige Region mit melodiösem Akzent, mit abwechslungsreichen Landschaften zwischen Bergen und Meer mit einer Vielzahl geschichtsträchtiger Orte. Ende 2013 beschließen sie, die Landschaft und das Leben zu ändern und nach Saint-Frichoux zu ziehen, einem kleinen Dorf mit 200 Einwohnern, 20 Minuten von der majestätischen Cité de Carcassonne und 5 Minuten vom Canal du Midi entfernt.</p>
<p>Sie kaufen dort ein großes Haus aus dem Jahr 1895. Ein großes und neues Abenteuer entsteht durch den Betrieb von 5 Gästezimmern, in denen sie nun das ganze Jahr über Touristen aus aller Welt empfangen, für die Jean-Claude Frühstücke wie &#8222;Konditor&#8220;-Frühstücke sowie kleine Gerichte zubereitet und zum Abendessen auch Gebäck anbietet -Schokoladenkurse, bei denen er sie Schritt für Schritt bei der Verwirklichung von Köstlichkeiten begleitet.</p>
<p>Jean-Claude lief mit einer kleinen Gruppe von Freunden in der Pariser Region, jetzt läuft er mitten in den Weinbergen und führt Gäste, die wie er frische Luft schnuppern möchten, gerne auf kleinen Pfaden weg von der „Zivilisation“. Wenn das gute Wetter nicht da ist, fertigt Jean-Claude Modelle, Autos, Boote, Panzer&#8230; Sophie findet gerne Dekorationsgegenstände oder fertigt sie an, um das Haus zu dekorieren und gesellige Momente mit ihrer Familie, seinen Freunden und jetzt seinen Gästen zu organisieren .</p>
<p><strong>Sie werden sich freuen, Sie im La Belle Minervoise begrüßen zu dürfen…</strong></p>
</div></div></div></div></div></p>
